 digit of (q/8)/((-2)/3960*-2)?
5
What is the tens digit of (25184328/(-338))/(-6) + (-8)/26?
1
Let w = -4 + -14. Let a(i) = i**2 + 6*i - 10. Let n be a(-11). Let q = w + n. What is the units digit of q?
7
Suppose 4*a - 72166 = -2*x, 4*x - 7*a - 144262 = -a. What is the thousands digit of x?
6
Suppose -8*v - 4*f - 14 = -6*v, 4*f + 20 = 0. Suppose 0 = v*p - 386 - 922. What is the tens digit of p?
3
Suppose 5*t + 2*h + 127 = 0, h - 6 = -3*t - 82. Let y = t - -29. Suppose 2*z - 78 = -4*w, -219 = -5*z + y*w - 2*w. What is the units digit of z?
3
Let j(q) = -q**2 + 80*q + 37. Suppose 15*z - 10*z = 3*i - 93, 5*i - 2*z = 174. What is the thousands digit of j(i)?
1
Let b = -943 - -1613. Suppose 245 + b = 3*d. Suppose 3*x + q - d = -0*x, 4*x - 396 = -4*q. What is the units digit of x?
3
Suppose 7*n + 4075 = -930. Let g = 501 + n. Let q = -133 - g. What is the tens digit of q?
8
Suppose 218 = 4*j - 1890. Let a = j - 510. What is the tens digit of a?
1
Let h(k) be the second derivative of 5*k**3/6 + 11*k**2/2 + 35*k. Let z be h(3). Suppose -28*l = -z*l - 100. What is the units digit of l?
0
Let m(f) = 15*f**2 + 16*f - 5. Let d(g) = -g**3 + 6*g**2 + 26*g + 2. Let p be d(9). What is the units digit of m(p)?
8
Let k(a) = a**3 - 3*a**2 - 3*a + 7. Let f be k(4). Suppose 2*z + 1 = f. Let b = z - -15. What is the tens digit of b?
2
Let c(z) = 3*z**3 - 9*z + 1. Let l be c(5). Let u = 17 + l. What is the hundreds digit of u?
3
Suppose 0 = -5*a - 70 + 35. Let c(v) = -v**3 - v**2 - 4*v + 22. Let u be c(a). Let f = u - 178. What is the hundreds digit of f?
1
Let t(q) = -q - 1442*q**2 + 17 - 2*q**3 + 1431*q**2 - 6*q. What is the units digit of t(-7)?
3
Let v be (-29 - -23)/(3/(-2)). What is the tens digit of (3/(-6))/(v/(-400))?
5
Suppose -23*t + 30*t = -g + 278378, 2*g = -t + 39759. What is the thousands digit of t?
9
Let n = -243 - -280. Let g = n - -35. What is the tens digit of g?
7
Suppose 558660 = 48*u - 8*u + 90500. What is the thousands digit of u?
1
Suppose -2*a - 3*d = -52029, a - 6*d + 8*d = 26015. What is the units digit of a?
3
Let q(t) = 36123*t**2 + 400*t + 399. What is the units digit of q(-1)?
2
Let z(k) = 17*k + 1064. What is the thousands digit of z(17)?
1
Let t = 46204 + -16871. What is the tens digit of t?
3
What is the hundreds digit of -9 - (37024 + -4)/(-4)?
2
Suppose -168*g + 3599107 = 78*g - 1253981. What is the thousands digit of g?
9
Suppose -4*p + u + 20936 = -2024, 5*p - 4*u - 28689 = 0. What is the tens digit of p?
4
Suppose 4495 = n + 253. Suppose -47*x = -53*x + n. What is the hundreds digit of x?
7
Let o = 2855 - 1546. What is the hundreds digit of (-10)/(-20)*(o + -3)?
6
Let k = 7 - 13. Let s be (2 - k)/((-8)/(-172)) + 2. Suppose -s = -4*d + o, -2*o = -5*d + 39 + 180. What is the units digit of d?
3
Let d be (-44)/(-198) - 2560/18. Let j = d - -59. Let o = 220 + j. What is the units digit of o?
7
Let w = -21055 - -64499. What is the tens digit of w?
4
Suppose 7*j - 4 = 17. Suppose 49 = -j*g - 128. What is the units digit of (-3 - 1)/(g/(-20) + -3)?
0
Let g = -929 - -663. Let z = g - -522. What is the hundreds digit of z?
2
What is the units digit of (-1728)/288 - (3 + (-59632 - 1))?
4
Let w be (-6)/(-6)*25 - 1/1. Suppose 17*y - w*y = -5124. What is the tens digit of y?
3
What is the hundreds digit of 34*1537 - (-2 - (-280)/(-35))?
2
Let x(l) = -7*l + 4 + 6 + 4*l. Let q be x(2). Suppose -c - 3 = -k + 90, q*c + 96 = k. What is the tens digit of k?
9
Suppose 30 = -5*s + 2*s. Let u be (3/4)/(s/(-240)). Suppose u*k = 17*k + 49. What is the tens digit of k?
4
Let s be (-3 - 0/3) + 23. Suppose 5*q - 22 = -3*l, -5*q + 7 + s = -2*l. Suppose -q*h = -h - 224. What is the units digit of h?
6
Let d = 3968 + 5461. What is the hundreds digit of d?
4
Let d be 9 - ((-20)/16 - -1)*-20. Suppose -3*h + 3*u + 1761 = 0, -1165 = -2*h + u + d*u. What is the tens digit of h?
9
Suppose -1340*m = -1334*m - 35874. What is the units digit of m?
9
Let t = 87 + -67. Suppose 3*v + 3952 = 4*w, -4 = -4*v - t. What is the units digit of w?
5
Suppose -2*r = a + 32, 2*r = 2*a - 22 + 74. Let c be (-1 + 13/5)/(a/(-70)). Suppose c*p - 84 - 12 = 0. What is the units digit of p?
4
What is the tens digit of (-78)/(24/8)*32556/(-24)?
6
Let b(x) = 2*x - 47. Suppose 0 = 2*h - 2*i - 10, -2*h - i = -0*i + 5. Let n be b(h). Let j = n - -67. What is the units digit of j?
0
Let l = -22807 + 37923. What is the units digit of l?
6
Suppose -266*a - 169*a + 17570085 = 0. What is the tens digit of a?
9
What is the units digit of (-72)/(-24) - (-45947 - 0/(-5))?
0
Let z be 10*10/200*(3 + 37). What is the tens digit of (-218*(-14)/z)/((-27)/(-135))?
6
Let m(y) = -12280*y + 20. What is the tens digit of m(-1)?
0
Let o = -661 - -666. Suppose s = o*d + 490, -5*s - 8*d = -3*d - 2420. What is the tens digit of s?
8
Let p(s) = 23 + 124*s + 146*s - 285*s. Let k(a) = -2*a - 18. Let n be k(-6). What is the hundreds digit of p(n)?
1
Suppose 0 = 6*o - 44034 + 14964. What is the tens digit of o?
4
Let x = 73047 - 44544. What is the thousands digit of x?
8
Suppose 0 = f - 24*f + 37835. Suppose 14*p = 3073 + f. What is the units digit of p?
7
Suppose -2 + 2 = 9*k. Suppose -o + 649 = 3*o - 5*r, o + 3*r - 141 = k. Suppose -o = 5*f - 8*f. What is the units digit of f?
2
Let i(f) = 2 + 23 + 19*f + 2 - 8. Suppose -3 = 2*x + 3*b, -2*x - 5*b - 20 = -7. What is the tens digit of i(x)?
3
Let j be (-24)/(6*(-2)/8). Suppose 2*l = 24 - j. What is the tens digit of (-2)/l - 846/(-12)?
7
Let o = 139 + -63. What is the hundreds digit of (o/(-12) + 6)*-339?
1
Let i be ((-12)/(-10))/(6/540). Let v be i/60 - 8/10. What is the units digit of (-342)/(-4)*(-2)/(-3)*v?
7
Let i(j) = -j**3 - 3*j**2 + 3. Let n be i(0). Suppose -b + 1104 = -n*x + 6*x, -1456 = -4*x + 4*b. What is the tens digit of x?
6
Let d = 7173 - 4233. Suppose 88*c + d = 95*c. What is the hundreds digit of c?
4
Let d(r) = -r**3 - 117*r**2 + 97*r - 1891. What is the hundreds digit of d(-118)?
5
What is the hundreds digit of (15 + 1)*4/(-2 + -6) + 10185?
1
Let k(f) = f**3 + 18*f**2 - 17*f + 42. Let d be k(-19). Suppose t - 317 = -2*y, 2*y = d*t - 3*t - 297. What is the tens digit of t?
0
Let v(j) = -j**3 + 9*j**2 - 6*j - 10. Suppose -3*u + 4*b + 10 = 0, 4*b - 26 = 4*u - 7*u. What is the tens digit of v(u)?
6
Let n(h) be the first derivative of -h**2/2 + 11*h + 22. Let i be n(8). What is the tens digit of (6 - 9)/(i/(-54))?
5
Let l(h) = -h**3 - 4*h**2 + 5*h - 3. Let v be l(-5). What is the units digit of (2 + (-3)/v)*120?
0
Let y = 100768 - 69812. What is the units digit of y?
6
Let c(k) = 26*k**2 + 92*k + 360. What is the ten thousands digit of c(-27)?
1
Let i(h) = -13*h**2 + h**3 + 3*h**3 + 16*h + 16 - 14 + 9 - 3*h**3. Suppose 6 = 4*b - 42. What is the units digit of i(b)?
9
Suppose -418 = -15*w + 902. Suppose 4*v = y + 716, 2*y - w = 4*v - 800. What is the tens digit of v?
8
Let h = 9786 - -27707. What is the thousands digit of h?
7
Let a = 2948 - 4396. Let o = -459 - a. What is the tens digit of o?
8
Suppose 0 = 579*l - 581*l + 5*x + 551, -x = 5*l - 1418. What is the units digit of l?
3
Let w = 404 - 390. Suppose -673 = -w*g + 937. What is the units digit of g?
5
What is the ten thousands digit of ((-15)/(-6))/(-1 + -6 + 30263859/4323372)?
4
Let y = 2507 + -1330. Let s = y + -781. What is the units digit of s?
6
Let w(c) = 53*c - 16. Let t(m) = -3*m**2 - 39*m + 3. Let l be t(-13). What is the units digit of w(l)?
3
Suppose 1098*g - 1100*g + 19381 = -1079. What is the units digit of g?
0
Let s be 352 - ((-63)/(-15) + 1/(-5)). Suppose -3*g + 356 = 2*r, 60*r + g = 58*r + s. What is the tens digit of r?
7
Let g = 154 - 60. Suppose g = 2*r - 516. What is the tens digit of r?
0
Suppose 31659 + 105576 = 15*v. What is the thousands digit of v?
9
Let l = -541 + 9343. What is the tens digit of l?
0
Let d be (0/2)/(5 + 7 - 10). Suppose -3*c - 2220 = -3*p - d*c, 0 = -5*p + 2*c + 3691. What is the hundreds digit of p?
7
Let l = 329 + 371. Let b = l + -640. What is the units digit of b?
0
Suppose 3*x + 3*t + 6 = 0, -x + 4 = 2*x + 5*t. Let q be (-3)/x + 25/7. Suppose -q*a + 96 = -0*a. What is the tens digit of a?
2
Let p be 18/3 - 5 - (-568)/1. Suppose 2*r = -r + 2*g + p, 2*r - 3*g - 376 = 0. Let a = r + -62. What is the units digit of a?
9
Let m = -30 + 34. Let s(g) 